e 9.
-3
Convert -6 (base 7) to base 9.
-6
What is -4 (base 5) in base 7?
-4
What is -20 (base 6) in base 9?
-13
33 (base 13) to base 11
39
Convert 21 (base 9) to base 12.
17
-b3 (base 16) to base 5
-1204
Convert -83 (base 10) to base 14.
-5d
a (base 13) to base 12
a
What is -21 (base 12) in base 3?
-221
Convert 9 (base 12) to base 7.
12
What is 220 (base 10) in base 15?
ea
What is -a (base 13) in base 5?
-20
Convert 6 (base 10) to base 6.
10
1001110 (base 2) to base 5
303
11 (base 4) to base 13
5
Convert -203 (base 11) to base 2.
-11110101
Convert 15 (base 11) to base 16.
10
What is 10002 (base 3) in base 9?
102
Convert 11 (base 2) to base 12.
3
What is 4 (base 16) in base 13?
4
0 (base 4) to base 16
0
Convert -cf (base 16) to base 2.
-11001111
Convert 7 (base 12) to base 3.
21
-220 (base 4) to base 7
-55
7b (base 12) to base 15
65
-2 (base 12) to base 2
-10
Convert -1200 (base 4) to base 15.
-66
What is 5 (base 11) in base 15?
5
21 (base 6) to base 8
15
-2 (base 5) to base 15
-2
Convert -6 (base 7) to base 2.
-110
Convert 30 (base 8) to base 7.
33
1e (base 15) to base 16
1d
Convert 2 (base 9) to base 6.
2
Convert 151 (base 6) to base 13.
52
-1 (base 2) to base 5
-1
197 (base 11) to base 12
16b
What is -201 (base 12) in base 8?
-441
What is -b9 (base 14) in base 8?
-243
Convert 8b (base 12) to base 8.
153
What is -7 (base 10) in base 16?
-7
Convert 36 (base 9) to base 5.
113
Convert -45 (base 8) to base 13.
-2b
Convert -10231 (base 4) to base 14.
-177
63 (base 13) to base 9
100
Convert 33 (base 10) to base 14.
25
Convert 4 (base 7) to base 9.
4
Convert -252 (base 7) to base 8.
-207
0 (base 6) to base 8
0
Convert 1011 (base 2) to base 10.
11
Convert 13 (base 15) to base 3.
200
Convert 0 (base 13) to base 7.
0
What is -3 (base 9) in base 7?
-3
Convert 111 (base 4) to base 10.
21
What is -5 (base 7) in base 6?
-5
Convert 14 (base 5) to base 14.
9
Convert -3 (base 8) to base 14.
-3
What is 4 (base 7) in base 13?
4
-13 (base 9) to base 8
-14
Convert 14 (base 14) to base 3.
200
Convert 2a (base 11) to base 16.
20
Convert 7 (base 9) to base 15.
7
-10 (base 2) to base 14
-2
-10121 (base 4) to base 12
-1b5
-1 (base 15) to base 12
-1
Convert 17 (base 10) to base 9.
18
-41 (base 11) to base 12
-39
1203 (base 4) to base 6
243
Convert 108 (base 11) to base 9.
153
1 (base 10) to base 13
1
What is 1 (base 11) in base 5?
1
Convert -2120 (base 3) to base 10.
-69
Convert 136 (base 7) to base 4.
1030
37 (base 8) to base 5
111
17 (base 12) to base 13
16
What is -1 (base 11) in base 6?
-1
Convert -1 (base 14) to base 5.
-1
Convert -3 (base 9) to base 4.
-3
Convert 198 (base 10) to base 13.
123
What is -78 (base 12) in base 13?
-71
Convert -13 (base 14) to base 15.
-12
Convert c1 (base 15) to base 7.
346
Convert 10a (base 13) to base 10.
179
Convert -306 (base 7) to base 11.
-12a
103 (base 13) to base 2
10101100
Convert 14 (base 15) to base 12.
17
18 (base 16) to base 2
11000
What is 1 (base 15) in base 13?
1
What is 12 (base 3) in base 10?
5
Convert 0 (base 5) to base 12.
0
What is -4 (base 13) in base 16?
-4
-108 (base 9) to base 5
-324
What is -1 (base 8) in base 5?
-1
Convert -1210 (base 3) to base 7.
-66
Convert 20 (base 7) to base 16.
e
-1 (base 14) to base 16
-1
What is 0 (base 4) in base 3?
0
Convert -7 (base 14) to base 13.
-7
What is 49 (base 10) in base 14?
37
Convert 1 (base 11) to base 16.
1
Convert 5 (base 14) to base 8.
5
Convert 57 (base 16) to base 2.
1010111
What is -1 (base 12) in base 8?
-1
What is 3 (base 15) in base 9?
3
Convert 3 (base 13) to base 2.
11
100 (base 2) to base 10
4
What is 2 (base 16) in base 5?
2
What is -103 (base 8) in base 2?
-1000011
Convert 61 (base 8) to base 12.
41
-35 (base 12) to base 16
-29
Convert -1a (base 12) to base 4.
-112
Convert 2200 (base 3) to base 8.
110
1 (base 5) to base 16
1
Convert -1 (base 3) to base 5.
-1
What is 422 (base 5) in base 3?
11011
Convert 100011 (base 2) to base 11.
32
What is 68 (base 14) in base 8?
134
Convert 11 (base 14) to base 4.
33
What is -1413 (base 5) in base 12?
-175
Convert -31 (base 12) to base 7.
-52
What is -212 (base 5) in base 7?
-111
-12 (base 3) to base 15
-5
Convert 50 (base 8) to base 4.
220
Convert -60 (base 13) to base 7.
-141
71 (base 11) to base 3
2220
Convert -66 (base 10) to base 14.
-4a
Convert 8 (base 15) to base 12.
8
-20 (base 3) to base 5
-11
Convert -1 (base 16) to base 3.
-1
Convert -a (base 13) to base 12.
-a
6 (base 14) to base 11
6
1130 (base 4) to base 10
92
-1 (base 2) to base 3
-1
What is 2 (base 14) in base 5?
2
What is 130 (base 13) in base 14?
10c
15 (base 16) to base 15
16
Convert 13 (base 7) to base 3.
101
Convert 10 (base 9) to base 11.
9
What is 29 (base 13) in base 6?
55
Convert -45 (base 9) to base 6.
-105
Convert -6 (base 8) to base 5.
-11
3c (base 15) to base 11
52
3 (base 11) to base 15
3
12 (base 8) to base 14
a
What is 22120 (base 3) in base 14?
127
What is 122 (base 4) in base 13?
20
Convert 11 (base 2) to base 5.
3
1 (base 10) to base 12
1
Convert -33 (base 12) to base 10.
-39
Convert 100 (base 2) to base 13.
4
-22 (base 3) to base 12
-8
What is -5 (base 10) in base 8?
-5
Convert -10 (base 6) to base 10.
-6
10 (base 2) to base 5
2
Convert -a (base 13) to base 4.
-22
-45 (base 11) to base 7
-100
Convert 0 (base 9) to base 13.
0
3 (base 8) to base 14
3
What is -54 (base 13) in base 5?
-234
9 (base 16) to base 15
9
Convert c (base 13) to base 7.
15
-6d (base 14) to base 6
-241
Convert -27 (base 16) to base 14.
-2b
What is -1 (base 8) in base 9?
-1
What is b (base 16) in base 11?
10
What is -50 (base 10) in base 2?
-110010
-9 (base 13) to base 10
-9
What is -89 (base 14) in base 5?
-441
-56 (base 9) to base 12
-43
Convert -24 (base 7) to base 5.
-33
What is 20 (base 3) in base 11?
6
Convert -3 (base 11) to base 7.
-3
What is 10 (base 4) in base 10?
4
Convert 22 (base 6) to base 9.
15
-1 (base 9) to base 5
-1
159 (base 13) to base 12
183
What is 224 (base 8) in base 7?
301
What is -13 (base 11) in base 4?
-32
Convert -10 (base 15) to base 13.
-12
1321 (base 4) to base 16
79
Convert 215 (base 6) to base 16.
53
-522 (base 6) to base 8
-302
38 (base 13) to base 8
57
What is 0 (base 14) in base 6?
0
-3 (base 7) to base 5
-3
-12 (base 8) to base 10
-10
Convert -3 (base 7) to base 5.
-3
Convert 13a (base 13) to base 9.
262
What is 1 (base 12) in base 9?
1
Convert -1100 (base 2) to base 4.
-30
Convert 8 (base 16) to base 10.
8
What is 0 (base 4) in base 9?
0
115 (base 6) to base 3
1202
Convert 13 (base 14) to base 5.
32
What is 1133 (base 4) in base 7?
164
95 (base 11) to base 3
10212
Convert -48 (base 14) to base 15.
-44
What is -77 (base 10) in base 4?
-1031
What is -461 (base 7) in base 9?
-285
Convert -3 (base 13) to base 12.
-3
What is -11 (base 4) in base 11?
-5
Convert 8 (base 15) to base 16.
8
3 (base 4) to base 10
3
1 (base 10) to base 11
1
What is 202 (base 6) in base 16?
4a
What is -1250 (base 6) in base 14?
-18a
-120 (base 3) to base 7
-21
35 (base 13) to base 12
38
What is 2 (base 9) in base 4?
2
Convert -42 (base 12) to base 13.
-3b
What is -4 (base 8) in base 4?
-10
What is 221 (base 3) in base 8?
31
Convert -21111 (base 3) to base 13.
-127
What is -12 (base 4) in base 6?
-10
-1100000 (base 2) to base 5
-341
What is -16 (base 16) in base 13?
-19
Convert -1101 (base 2) to base 6.
-21
10220 (base 3) to base 11
96
-16 (base 8) to base 3
-112
What is -56 (base 7) in base 3?
-1112
What is a (base 16) in base 8?
12
Convert -12 (base 10) to base 5.
-22
Convert -1 (base 7) to base 12.
-1
3 (base 8) to base 3
10
-17 (base 14) to base 2
-10101
Convert -3 (base 8) to base 4.
-3
-2330 (base 4) to base 2
-10111100
Convert 4 (base 6) to base 13.
4
0 (base 15) to base 13
0
-66 (base 9) to base 15
-40
16 (base 13) to base 5
34
What is -20 (base 7) in base 12?
-12
204 (base 7) to base 6
250
What is 1b (base 12) in base 10?
23
What is -3 (base 11) in base 4?
-3
Convert 144 (base 12) to base 11.
169
What is 19 (base 12) in base 11?
1a
Convert 1221 (base 3) to base 11.
48
-5b (base 13) to base 6
-204
351 (base 7) to base 8
267
-2 (base 5) to base 12
-2
Convert 2 (base 5) to base 8.
2
What is -22 (base 7) in base 5?
-31
-1 (base 8) to base 5
-1
What is 54 (base 6) in base 13?
28
What is 1 (base 2) in base 16?
1
Convert -1 (base 12) to base 11.
-1
W